remainder when w(-3) is divided by k?
8
Let y = 39 + -32. Calculate the remainder when 11 is divided by y.
4
Let o(a) = 3 - 2 - 3*a + 2*a. Let q(n) = -4*n - 3. Calculate the remainder when q(-3) is divided by o(-4).
4
Suppose -p = 3*j - 38, 0*p - 2*p - 50 = -3*j. Calculate the remainder when 53 is divided by j.
11
Let u = -17 - -39. Calculate the remainder when 64 is divided by u.
20
Let b = -9 - -3. Let m(g) = g**3 + 6*g**2 - g - 1. Suppose 3*l = 528 - 486. Calculate the remainder when l is divided by m(b).
4
Let a = 53 + 18. Calculate the remainder when a is divided by 20.
11
Let a = 3 - 6. Let h(p) = 3*p**2 - 19*p - 18. Let l(o) = -o**2 + 6*o + 6. Let i(c) = a*h(c) - 8*l(c). Calculate the remainder when 38 is divided by i(7).
18
Let a = 12 + -2. Suppose -228 = i + 2*i. What is the remainder when 22 is divided by i/(-10) - a/(-25)?
6
Suppose 3*q + b = -9, -4 = -2*q - 2*b - 6. Calculate the remainder when (-18)/((-10)/q + -4) is divided by 4.
0
Let j(o) = o**3 + 6*o**2 + 6*o + 6. Let d be j(-5). Let q(k) = -24*k**2 - k. Let u be q(d). Let b = 1 - u. Calculate the remainder when b is divided by 9.
8
Let q(w) = -w**2 - 11*w + 6. What is the remainder when 11 is divided by q(-11)?
5
Let d = -26 - -30. What is the remainder when 23 is divided by d?
3
Suppose -10 = -4*u - 2. Let g = u + -18. Let a = 32 + g. Calculate the remainder when a is divided by 9.
7
Let n = -50 + 60. Calculate the remainder when 33 is divided by n.
3
Let y be 19*1/(1 - 0). Suppose y = w + 5. Suppose -z + 52 = -3*u, -z + 56 = -7*u + 3*u. What is the remainder when z is divided by w?
12
Let g = -86 + 171. Calculate the remainder when g is divided by 29.
27
Let t = 3 + 7. Suppose -11 = -3*p + 76. What is the remainder when p is divided by t?
9
Calculate the remainder when (-144)/(-10) + (-20)/50 is divided by 6.
2
Let r = -11 - -17. Suppose r*p - 5*p - 36 = 0. Calculate the remainder when 70 is divided by p.
34
Let z = -50 - -57. Calculate the remainder when 46 is divided by z.
4
Suppose -5*o + 3*u + 66 = 0, 2*o - 3*u = 11 + 10. Let y = -2 - -5. Calculate the remainder when (o/(-6) + -3)*-2 is divided by y.
2
Let c be 2/2 + (-2 - -6). Suppose 26 = b - 3*x, 0*x + 15 = c*x. Calculate the remainder when b - (1 + -1) - 1 is divided by 12.
10
What is the remainder when 26 is divided by (-2)/7 + 812/98?
2
Suppose 54 = 4*i - 6. What is the remainder when 30 is divided by ((-32)/6)/((-10)/i)?
6
Let t(s) = s - 7. Let m be t(5). Let v(q) = 13*q**2 - 1. What is the remainder when m/7 - (-494)/14 is divided by v(1)?
11
Suppose -6 = -u + 2*q, -4*q = q. Calculate the remainder when 20 is divided by (0 + u)*1 + 1.
6
Suppose -3*s + 35 = -2*j - 20, -10 = 5*j. What is the remainder when s is divided by 3?
2
Suppose -4*b + 220 - 556 = -4*p, 0 = -2*p - 4*b + 138. Calculate the remainder when p is divided by 20.
19
Suppose -2*h - 4 = -12. Let a(x) = 3*x**2 + 4*x + 5. Let d be a(-2). Calculate the remainder when (-3)/d + (-138)/(-9) is divided by h.
3
Suppose -5*v + 34 = -4*v. What is the remainder when v is divided by 9?
7
Suppose -2*q + 46 = 2*u, 3*u - 24 = -2*q + 21. What is the remainder when q is divided by 13?
11
Suppose 0 = b + o + 3 - 0, -b + 2*o - 18 = 0. Let s = -13 - 0. Let x = b - s. What is the remainder when 12 is divided by x?
2
Suppose -3*q - 5*h + 188 = 0, 3*q + 4*h - 192 = h. What is the remainder when q is divided by 17?
15
Let t = -547 + 1162. What is the remainder when ((-2)/(-3))/(10/t) is divided by 14?
13
Let o(z) be the first derivative of z**3 + z**2/2 - z + 3. What is the remainder when 37 is divided by o(2)?
11
Let u = 1 - 1. Suppose 4*d + 125 = 5*l, 3*l - 75 = 4*d - u*d. Suppose i + 6 = 1, -2*n - 2 = 4*i. What is the remainder when l is divided by n?
7
Suppose 3*d + 2*d = 65. Let p = -12 - -17. What is the remainder when d is divided by p?
3
Let w = 40 + 2. Suppose 2*l = -r + w, -4*l = -5*r + 313 - 117. Let p = -26 + r. Calculate the remainder when 27 is divided by p.
13
Let l be (1 - 1)/(-1 - -4). Suppose l = 3*i - 4*i + 13. What is the remainder when i is divided by 8?
5
Let s = 66 - 45. Calculate the remainder when s is divided by 8.
5
Let q = -63 + 77. Calculate the remainder when 94 is divided by q.
10
Let r(j) = j**3 + 14*j**2 - 20*j - 16. What is the remainder when r(-15) is divided by 10?
9
Let r be 1/(1*(-2)/4). Calculate the remainder when 23 is divided by 12/(4 + r - 0).
5
Suppose -72 = -3*o + 36. What is the remainder when o is divided by 13?
10
Suppose g = -4*g - 5. What is the remainder when 89 is divided by ((-23)/1)/(-2 - g)?
20
Let f(v) = -4*v - v**2 - 4*v + v - 4. Let g(i) = 4*i**3 - i**2. Let c be g(-1). Calculate the remainder when 17 is divided by f(c).
5
Suppose -138 + 42 = -6*a. Suppose -n - 3 = 0, -1 = -i - i - n. Calculate the remainder when (3/2)/(i/40) is divided by a.
14
Let c be 0*(3/(-3) + 2). Let j(f) = 4 + 3*f**3 + c*f**3 - 2*f**3 - 6*f**2 + 3. What is the remainder when j(7) is divided by 19?
18
Suppose 5*n + 4*g - g - 89 = 0, -n - 2*g + 22 = 0. Calculate the remainder when 61 is divided by n.
13
Let o = -22 - -51. Calculate the remainder when 60 is divided by o.
2
Let r(q) = -q**2 + 5. Let l(i) = i**2 - 6*i + 4. Let c(f) = f. Let p(h) = c(h) + l(h). Let b be p(4). What is the remainder when 8 is divided by r(b)?
3
Let h(s) = s**2 + s + 2. What is the remainder when 21 is divided by h(2)?
5
Let i(y) = y**2 - 5*y + 7. Suppose 5*m = 2*x + 28, -5*m - 3*x + 22 = -11. What is the remainder when (3/3 - 3) + 39 is divided by i(m)?
11
Let i(a) = 7*a**2 - 8*a + 2. What is the remainder when 202 is divided by i(3)?
38
Calculate the remainder when 22/(1 + 10/(-14)) is divided by (-9)/((-189)/70)*6.
17
Suppose -4*r + r = 0. Suppose r*w = 2*w - 24. What is the remainder when w is divided by 7?
5
Suppose -2*l = 2*j + 2*j - 20, -10 = 2*l - 2*j. Suppose l = -o + 4*o - 24. What is the remainder when o is divided by 5?
3
Let m = -48 + 59. Calculate the remainder when m is divided by 6.
5
Let a(p) = p + 4. What is the remainder when a(6) is divided by 12/7*203/58?
4
Let x(l) = -l + 1. Let w be x(-1). Suppose -3*q + 8 = -4*b, -3*b - 18 - w = -4*q. What is the remainder when 22 is divided by q?
6
Let x(y) be the third derivative of y**6/120 + y**5/10 - y**4/12 - y**3 + 6*y**2. Calculate the remainder when 22 is divided by x(-6).
4
Let t = 30 + -4. What is the remainder when t is divided by 14?
12
Calculate the remainder when (99/6)/((-9)/(-108)) is divided by 40.
38
Let p(x) = -4*x + 2. Let m(j) = 7*j - 5. Let c(h) = 4*m(h) + 9*p(h). Let y(w) = w + 1. What is the remainder when c(-2) is divided by y(4)?
4
Suppose 40 = p + 2*p - 4*d, -4*d = 4*p - 72. Calculate the remainder when 61 is divided by p.
13
Let z be 0 + 1/(-2)*0. Suppose z = 5*g - 27 + 7. Suppose 3*o + 0*o - 111 = -m, 2*o + g*m = 64. What is the remainder when o is divided by 10?
8
Let u be -60 + 3 - (1 + 0). Let w = 124 + u. Suppose -w = -5*y - 6. What is the remainder when 35 is divided by y?
11
Suppose -4*h + y + 31 = 6*y, 5*h = 2*y + 14. What is the remainder when 13 is divided by h?
1
Suppose -136 = -5*y + 114. Suppose 3*i - 13 = y. What is the remainder when i is divided by 8?
5
Let x(m) = 12*m - 17. Suppose 5*f + 7 = -13. What is the remainder when x(6) is divided by ((-4)/(-6))/(f/(-114))?
17
Let d be -3 - (-2)/(6/63). Suppose -46 = -5*q + 2*q + 2*u, -2*q = 5*u - d. Calculate the remainder when (-2)/(-4) - 53/(-2) is divided by q.
13
Suppose -4*g + 3*t = -28, 3*g + 3*t = g + 32. What is the remainder when 27 is divided by g?
7
Let s = -300 + 477. Suppose 4*c - s = 59. Let u(i) = -4*i - 8. Calculate the remainder when c is divided by u(-7).
19
Suppose -2*q - 2*q = 3*k - 9, -4*q + 3*k + 15 = 0. Suppose -q*p + 12 = -0*p. What is the remainder when 17 is divided by ((-6)/(-10))/(p/60)?
8
Let g(v) = v**2 + 7*v + 5. Let u be g(-8). Suppose 15 = 2*d - u. Calculate the remainder when 54 is divided by d.
12
Let b(o) = o**2 + 3*o - 4. Let j be b(-4). What is the remainder when (j - 1)/(8/(-88)) is divided by 4?
3
Let r = 9 + -5. Suppose 4*j + j - 25 = 0, -r*q = 3*j + 353. Calculate the remainder when 8/12 - q/6 is divided by 6.
4
Suppose -3 + 15 = 4*s. Suppose 3*n + 2 = -y + 27, -y + s*n = -19. Calculate the remainder when y is divided by 8.
6
Let y be (1 - -1 - 2)/(-3). Let u = 6 + 0. Suppose -